 of 1182?
False
Is 12 a factor of 27272?
False
Does 18 divide 91602?
True
Is 34305 a multiple of 15?
True
Is 5527 a multiple of 7?
False
Is 6 a factor of 115?
False
Is 10 a factor of 71750?
True
Is 31108 a multiple of 14?
True
Is 35 a factor of 980?
True
Is 103 a factor of 309?
True
Does 147 divide 6065?
False
Is 33 a factor of 198?
True
Is 416 a multiple of 26?
True
Does 19 divide 133?
True
Is 109 a factor of 21909?
True
Does 95 divide 86179?
False
Does 93 divide 3999?
True
Does 72 divide 504?
True
Is 7 a factor of 286?
False
Is 360 a multiple of 10?
True
Is 19 a factor of 3382?
True
Is 27330 a multiple of 57?
False
Does 3 divide 453?
True
Is 21758 a multiple of 86?
True
Is 1326 a multiple of 78?
True
Is 8 a factor of 68920?
True
Is 107291 a multiple of 58?
False
Is 3823 a multiple of 4?
False
Is 10 a factor of 625?
False
Is 16 a factor of 32?
True
Is 43 a factor of 2111?
False
Does 34 divide 4904?
False
Does 21 divide 8694?
True
Is 151 a multiple of 12?
False
Does 3 divide 226?
False
Is 21 a factor of 2298?
False
Is 31 a factor of 2957?
False
Does 25 divide 1831?
False
Is 10 a factor of 1180?
True
Does 21 divide 546?
True
Does 86 divide 2298?
False
Is 16 a factor of 816?
True
Is 416 a multiple of 52?
True
Is 7712 a multiple of 241?
True
Does 102 divide 35802?
True
Does 167 divide 1837?
True
Is 12 a factor of 1176?
True
Is 3288 a multiple of 40?
False
Is 586 a multiple of 65?
False
Does 60 divide 7873?
False
Is 1456 a multiple of 25?
False
Is 880 a multiple of 44?
True
Does 20 divide 122?
False
Is 811 a multiple of 31?
False
Is 8 a factor of 153?
False
Is 195 a multiple of 15?
True
Is 42 a factor of 1470?
True
Does 5 divide 1023?
False
Is 224 a multiple of 8?
True
Is 15 a factor of 3764?
False
Does 20 divide 2000?
True
Does 40 divide 2960?
True
Does 3 divide 15?
True
Does 8 divide 324?
False
Does 36 divide 22608?
True
Is 124 a multiple of 62?
True
Does 147 divide 6434?
False
Is 71535 a multiple of 34?
False
Is 13486 a multiple of 4?
False
Does 4 divide 290?
False
Is 6374 a multiple of 71?
False
Is 61 a factor of 14490?
False
Is 4 a factor of 322?
False
Is 11 a factor of 6600?
True
Is 7956 a multiple of 77?
False
Does 13 divide 36159?
False
Does 51 divide 357?
True
Is 5 a factor of 1395?
True
Is 5486 a multiple of 26?
True
Is 49 a factor of 4459?
True
Does 13 divide 1157?
True
Is 60 a factor of 9533?
False
Is 157 a multiple of 5?
False
Is 108 a multiple of 12?
True
Is 8 a multiple of 3?
False
Is 1269 a multiple of 47?
True
Is 38197 a multiple of 63?
False
Does 161 divide 26565?
True
Does 78 divide 9518?
False
Is 3 a factor of 1659?
True
Is 12881 a multiple of 68?
False
Is 434 a multiple of 31?
True
Does 4 divide 715?
False
Is 72 a factor of 1225?
False
Is 704 a multiple of 32?
True
Does 3 divide 633?
True
Does 10 divide 34260?
True
Does 3 divide 4537?
False
Is 65 a factor of 6765?
False
Is 22 a factor of 2805?
False
Is 37 a factor of 177500?
False
Is 5 a factor of 2102?
False
Is 62720 a multiple of 86?
False
Is 16 a factor of 8275?
False
Is 510 a multiple of 51?
True
Is 15 a multiple of 3?
True
Is 44 a factor of 3212?
True
Is 6370 a multiple of 61?
False
Is 3 a factor of 143?
False
Is 51 a factor of 1326?
True
Does 7 divide 392?
True
Is 100 a multiple of 10?
True
Is 1408 a multiple of 32?
True
Is 25758 a multiple of 18?
True
Is 19 a factor of 421?
False
Does 348 divide 181308?
True
Does 15 divide 2865?
True
Is 4275 a multiple of 75?
True
Does 29 divide 6583?
True
Is 2730 a multiple of 26?
True
Is 24 a factor of 2446?
False
Is 10 a factor of 76?
False
Is 24 a factor of 144?
True
Is 27 a factor of 999?
True
Does 21 divide 126?
True
Does 40 divide 2800?
True
Is 9272 a multiple of 19?
True
Is 33 a factor of 759?
True
Is 6 a factor of 1776?
True
Is 9 a factor of 1150?
False
Is 18 a factor of 25290?
True
Is 27550 a multiple of 95?
True
Is 1752 a multiple of 6?
True
Does 13 divide 910?
True
Does 39 divide 365?
False
Does 221 divide 59321?
False
Is 22 a factor of 1378?
False
Does 15 divide 16611?
False
Does 7 divide 826?
True
Is 53 a factor of 1007?
True
Does 63 divide 3843?
True
Is 28731 a multiple of 17?
False
Is 871 a multiple of 40?
False
Is 1410 a multiple of 15?
True
Is 1066 a multiple of 26?
True
Is 14539 a multiple of 27?
False
Does 24 divide 456?
True
Is 1658 a multiple of 28?
False
Is 6211 a multiple of 30?
False
Does 39 divide 304?
False
Is 60 a factor of 15360?
True
Is 21 a multiple of 4?
False
Is 224 a multiple of 4?
True
Does 3 divide 1386?
True
Is 438 a multiple of 99?
False
Does 50 divide 94750?
True
Is 19 a factor of 2838?
False
Is 13 a factor of 832?
True
Is 60 a multiple of 28?
False
Does 118 divide 6726?
True
Does 35 divide 57890?
True
Does 10 divide 12440?
True
Is 5 a factor of 43?
False
Is 1593 a multiple of 2?
False
Is 46 a factor of 113?
False
Does 10 divide 1442?
False
Does 16 divide 1076?
False
Is 2479 a multiple of 9?
False
Does 84 divide 24696?
True
Is 38800 a multiple of 80?
True
Does 9 divide 446?
False
Is 54 a factor of 2568?
False
Is 4430 a multiple of 6?
False
Does 32 divide 3616?
True
Does 50 divide 231?
False
Does 9 divide 6633?
True
Is 41546 a multiple of 30?
False
Is 228 a multiple of 49?
False
Does 8 divide 127?
False
Is 2 a factor of 4?
True
Is 18 a factor of 2215?
False
Is 31 a factor of 1240?
True
Is 205 a factor of 75030?
True
Is 35 a factor of 507?
False
Is 7 a factor of 897?
False
Does 6 divide 38?
False
Is 11 a factor of 2640?
True
Is 10 a factor of 210?
True
Is 4279 a multiple of 27?
False
Is 161 a multiple of 68?
False
Is 7159 a multiple of 83?
False
Does 50 divide 2774?
False
Does 5 divide 4010?
True
Does 15 divide 1110?
True
Is 8808 a multiple of 3?
True
Is 113 a factor of 117673?
False
Is 21 a factor of 517?
False
Is 384 a multiple of 2?
True
Is 3995 a multiple of 14?
False
Does 3 divide 102?
True
Does 44 divide 19231?
False
Is 59 a factor of 464?
False
Is 52 a factor of 9541?
False
Is 5469 a multiple of 11?
False
Is 40 a factor of 49560?
True
Is 4 a factor of 19432?
True
Does 16 divide 3746?
False
Is 51 a factor of 5967?
True
Is 19096 a multiple of 88?
True
Is 52 even?
True
Does 4 divide 3076?
True
Does 19 divide 38722?
True
Does 14 divide 2746?
False
Does 4 divide 6002?
False
Is 50 a factor of 2650?
True
Is 121172 a multiple of 169?
False
Is 10 a factor of 11550?
True
Is 2424 a multiple of 12?
True
Is 3786 a multiple of 7?
False
Does 15 divide 4764?
False
Is 25110 a multiple of 13?
False
Is 9824 a multiple of 126?
False
Does 89 divide 2581?
True
Is 210 a factor of 25899?
False
Is 29040 a multiple of 132?
True
Does 6 divide 289?
False
Is 600 even?
True
Does 10 divide 7300?
True
Does 49 divide 3234?
True
Does 60 divide 6180?
True
Does 7 divide 189?
True
Does 93 divide 10323?
True
Is 594 a multiple of 22?
True
Does 5 divide 695?
True
Does 90 divide 2160?
True
Is 324 a multiple of 3?
True
Does 56 divide 74193?
False
Is 2397 a multiple of 53?
False
Does 29 divide 10247?
False
Is 19 a multiple of 19?
True
Is 46050 a multiple of 75?
True
Is 488 a multiple of 18?
False
Does 12 divide 193?
False
Is 2236 a multiple of 29?
False
Is 17 a factor of 52?
False
Is 6 a factor of 24168?
True
Is 156 a factor of 1765?
False
Is 1357 a multiple of 59?
True
Is 16 a multiple of 14?
False
Does 73 divide 2286?
False
Is 495 a multiple of 6?
False
Does 8 divide 22?
False
Is 7504 a multiple of 108?
False
Is 20329 a multiple of 176?
False
Does 28 divide 2968?
True
Does 34 divide 102?
True
Is 64 a factor of 6272?
True
Is 10 a factor of 10?
True
Is 16 a factor of 8384?
True
Is 13 a factor of 1139?
False
Is 1204 a multiple of 7?
True
Is 9 a factor of 657?
True
Is 12 a factor of 188?
False
Is 81 a factor of 6885?
True
Does 22 divide 4884?
True
Is 4 a factor of 1092?
True
Is 55 a factor of 1595?
True
Is 890 a multiple of 5?
True
Is 55250 a multiple of 170?
True
Does 21 divide 777?
True
Does 16 divide 2202?
False
Does 37 divide 19647?
True
Is 30 a factor of 14554?
False
Is 15 a factor of 28048?
False
Is 405 a multiple of 3?
True
Is 18 a factor of 45864?
True
Is 46 a factor of 5328?
False
Is 111 a factor of 8436?
True
Is 790 a multiple of 20?
False
Is 720 a multiple of 5?
True
Is 85 a factor of 2125?
True
Is 13 a factor of 4784?
True
Is 176 a multiple of 2?
True
Is 2481 a multiple of 28?
False
Is 6 a factor of 1354?
False
Is 7752 a